f 924397020?
2, 3, 5, 5135539
What are the prime factors of 2195470?
2, 5, 219547
What are the prime factors of 163212047?
43, 643, 5903
What are the prime factors of 143924585?
5, 7, 883, 4657
List the prime factors of 15052067.
15052067
List the prime factors of 196479273.
3, 65493091
What are the prime factors of 9605668742?
2, 31, 154930141
What are the prime factors of 1409699683?
7, 9103, 22123
What are the prime factors of 42351649?
42351649
List the prime factors of 3453024853.
17, 14083, 14423
List the prime factors of 302831097.
3, 6689, 15091
What are the prime factors of 614628278?
2, 11, 97, 149, 1933
List the prime factors of 1095974977.
41, 26731097
List the prime factors of 625994841.
3, 23, 29, 312841
What are the prime factors of 477813069?
3, 53090341
List the prime factors of 658803793.
658803793
List the prime factors of 1508738249.
2243, 672643
What are the prime factors of 8393833?
7, 71, 16889
List the prime factors of 460060.
2, 5, 23003
List the prime factors of 67096193.
523, 128291
List the prime factors of 129715315.
5, 31, 836873
What are the prime factors of 2112993128?
2, 29, 9107729
List the prime factors of 10915698.
2, 3, 1819283
What are the prime factors of 151139871?
3, 97, 57709
List the prime factors of 54985252.
2, 7, 280537
List the prime factors of 647802809.
4127, 156967
List the prime factors of 273874593.
3, 23, 47, 79, 1069
List the prime factors of 498150903.
3, 166050301
List the prime factors of 3628161217.
41, 88491737
What are the prime factors of 60625951?
4447, 13633
List the prime factors of 19189813.
941, 20393
What are the prime factors of 124353581?
11, 107, 105653
What are the prime factors of 729078769?
41, 139, 127931
What are the prime factors of 88476706?
2, 44238353
What are the prime factors of 134679244?
2, 7, 687139
What are the prime factors of 28263849?
3, 19, 23, 21559
What are the prime factors of 348139501?
348139501
What are the prime factors of 198653894?
2, 43, 263, 8783
List the prime factors of 120240430.
2, 5, 419, 28697
List the prime factors of 91630901.
17, 19, 283687
List the prime factors of 134001686.
2, 7, 13, 736273
List the prime factors of 176237435.
5, 11, 43, 1733
List the prime factors of 76839093.
3, 853, 10009
What are the prime factors of 31310174?
2, 7, 53, 42197
List the prime factors of 977842341.
3, 7, 59, 87691
List the prime factors of 118054686.
2, 3, 103, 191027
List the prime factors of 30679269.
3, 10226423
What are the prime factors of 33707973?
3, 13, 864307
List the prime factors of 2333515212.
2, 3, 7, 1399, 6619
What are the prime factors of 36025666?
2, 569, 31657
List the prime factors of 201120428.
2, 50280107
What are the prime factors of 570354445?
5, 19, 37, 162263
List the prime factors of 28662045.
3, 5, 97, 19699
List the prime factors of 10648120.
2, 5, 7, 17, 2237
What are the prime factors of 1144073917?
7, 4691, 34841
List the prime factors of 54732978.
2, 3, 211, 14411
List the prime factors of 3100665758.
2, 43, 838471
List the prime factors of 27702234.
2, 3, 7, 43, 5113
List the prime factors of 276005652.
2, 3, 13, 151, 11717
List the prime factors of 66722365.
5, 17, 73, 10753
List the prime factors of 1306898062.
2, 31, 53, 463, 859
List the prime factors of 110241780.
2, 3, 5, 11, 167033
What are the prime factors of 360041006?
2, 13, 31, 37, 12073
List the prime factors of 112662360.
2, 3, 5, 73, 1429
List the prime factors of 843795768.
2, 3, 509, 69073
List the prime factors of 75285293.
75285293
What are the prime factors of 446296755?
3, 5, 227, 131071
List the prime factors of 99618530.
2, 5, 11, 43, 21061
What are the prime factors of 84867290?
2, 5, 877, 9677
What are the prime factors of 54244680?
2, 3, 5, 7, 64577
What are the prime factors of 27221720?
2, 5, 29, 31, 757
List the prime factors of 51199354.
2, 25599677
List the prime factors of 319080113.
11, 29007283
What are the prime factors of 294101010?
2, 3, 5, 7, 155609
What are the prime factors of 394535325?
3, 5, 461, 11411
List the prime factors of 30423213.
3, 37, 103, 887
What are the prime factors of 413047104?
2, 3, 61, 35267
What are the prime factors of 179938417?
19, 29, 326567
List the prime factors of 920714312.
2, 7, 19, 123619
What are the prime factors of 57793352?
2, 61, 118429
List the prime factors of 189067210.
2, 5, 18906721
What are the prime factors of 14712642?
2, 3, 7, 2383
What are the prime factors of 234327673?
234327673
List the prime factors of 496661148.
2, 3, 13796143
What are the prime factors of 1193487337?
7, 19, 53, 169313
What are the prime factors of 183365967?
3, 263, 277, 839
What are the prime factors of 12423923?
17, 730819
What are the prime factors of 18233982?
2, 3, 13, 29, 2687
What are the prime factors of 761122069?
4243, 179383
List the prime factors of 242108519.
3851, 62869
List the prime factors of 865940447.
19, 53, 45259
List the prime factors of 42948153.
3, 23, 207479
List the prime factors of 165923949.
3, 347, 159389
What are the prime factors of 130201935?
3, 5, 467, 18587
List the prime factors of 54581117.
2137, 25541
List the prime factors of 49608563.
19, 2610977
What are the prime factors of 21775017?
3, 11, 659849
What are the prime factors of 107068206?
2, 3, 7, 1471, 1733
What are the prime factors of 192486985?
5, 269, 143113
List the prime factors of 67681003.
13, 5206231
What are the prime factors of 3979483594?
2, 1989741797
What are the prime factors of 110188118?
2, 17, 587, 5521
List the prime factors of 714233290.
2, 5, 4217, 16937
List the prime factors of 1469028690.
2, 3, 5, 5440847
List the prime factors of 310328628.
2, 3, 25860719
List the prime factors of 106625591.
106625591
List the prime factors of 21747051.
3, 1453, 1663
List the prime factors of 5572118183.
509, 1381, 7927
What are the prime factors of 4152296?
2, 519037
List the prime factors of 2777739365.
5, 461, 1205093
List the prime factors of 130152864.
2, 3, 1355759
What are the prime factors of 2678669708?
2, 11, 13, 4682989
What are the prime factors of 199427070?
2, 3, 5, 6647569
List the prime factors of 245271392.
2, 107, 71633
What are the prime factors of 1241987242?
2, 5569, 111509
List the prime factors of 1551377086.
2, 7, 5039, 21991
What are the prime factors of 6501275083?
2089, 3112147
List the prime factors of 839606283.
3, 23, 239, 5657
What are the prime factors of 10738819?
7, 13, 19, 6211
List the prime factors of 3517408.
2, 109919
What are the prime factors of 120400466?
2, 31, 107, 18149
List the prime factors of 23598414.
2, 3, 7, 17, 23, 479
List the prime factors of 91752545.
5, 2143, 8563
List the prime factors of 713849501.
271, 2634131
List the prime factors of 181746321.
3, 47, 1288981
List the prime factors of 8935477.
23, 388499
List the prime factors of 388814381.
1871, 207811
What are the prime factors of 91898478?
2, 3, 7, 19, 23, 1669
List the prime factors of 78870838.
2, 39435419
List the prime factors of 832602.
2, 3, 193, 719
What are the prime factors of 145517308?
2, 449, 81023
What are the prime factors of 66126712?
2, 2711, 3049
What are the prime factors of 16502988?
2, 3, 17, 80897
What are the prime factors of 39207410?
2, 5, 11, 23, 15497
List the prime factors of 303799965.
3, 5, 7, 1483, 1951
What are the prime factors of 3269400658?
2, 13093, 124853
What are the prime factors of 57809568?
2, 3, 281, 2143
List the prime factors of 134656796.
2, 17, 1980247
List the prime factors of 1952616249.
3, 631, 343831
List the prime factors of 303703667.
101, 3006967
List the prime factors of 21964754.
2, 7, 37, 42403
List the prime factors of 4942012077.
3, 1283, 427991
What are the prime factors of 581486919?
3, 13, 1146917
What are the prime factors of 1445896397?
11, 37, 127, 2543
What are the prime factors of 45522060?
2, 3, 5, 23, 32987
What are the prime factors of 42399306?
2, 3, 2355517
What are the prime factors of 2201077531?
31, 73, 972637
What are the prime factors of 76390074?
2, 3, 1414631
List the prime factors of 869890051.
17, 51170003
What are the prime factors of 92876935?
5, 47, 53, 7457
What are the prime factors of 1791771601?
43, 969049
What are the prime factors of 50549501?
50549501
What are the prime factors of 687623536?
2, 47, 251, 364